

{"id":3606,"date":"2019-05-10T11:51:56","date_gmt":"2019-05-10T10:51:56","guid":{"rendered":"https:\/\/froc.pt\/?page_id=3606"},"modified":"2019-10-21T14:58:12","modified_gmt":"2019-10-21T13:58:12","slug":"rui-osorio-de-castro-millennium-bcp-prize","status":"publish","type":"page","link":"https:\/\/froc.pt\/en\/investigation\/rui-osorio-de-castro-millennium-bcp-prize\/","title":{"rendered":"Rui Os\u00f3rio de Castro \/ Millennium bcp Prize"},"content":{"rendered":"<section class=\"wpb-content-wrapper\"><p>[vc_row][vc_column width=&#8221;1\/2&#8243;][vc_column_text]Cancer is the <strong>leading cause of non-accidental death<\/strong> in children and adolescents.<br \/>\nRui Osorio de Castro Foundation&#8217;s mission is the dissemination of information and the promotion of scientific research in paediatric oncology.<\/p>\n<p>In view of the development of innovative projects and initiatives in this area, the <strong>Rui Os\u00f3rio de Castro Foundation<\/strong> intends to Prize the <strong>Rui Os\u00f3rio de Castro \/ Millennium BCP Prize<\/strong> annually, from 2017 onwards, for an annual amount of <strong>\u20ac 15,000<\/strong>.<br \/>\nIn this way, the Foundation wants to contribute with resources for the development and \/ or maintenance of projects able to encourage and promote the improvement of care for children with oncological disease.[\/vc_column_text][vc_empty_space][\/vc_column][vc_column width=&#8221;1\/2&#8243;][vc_single_image image=&#8221;2712&#8243; img_size=&#8221;large&#8221; css_animation=&#8221;top-to-bottom&#8221;][\/vc_column][\/vc_row][vc_row][vc_column][vc_separator border_width=&#8221;2&#8243; css=&#8221;.vc_custom_1508778771557{margin-top: 32px !important;margin-bottom: 32px !important;}&#8221;][\/vc_column][\/vc_row][vc_row][vc_column]<h3 class=\"sc_title sc_title_regular\" style=\"color:#ed008c;font-weight:900;font-size:23px;\">For whom?<\/h3>[vc_column_text]Individuals, working groups or non-profit institutions can apply for the Prize, presenting a relevant project in the area of paediatric oncology, namely scientific studies, research projects, as well as specific training or projects with a psychosocial impact.<\/p>\n<p>The project must be carried out in Portugal or, in the case of an international study, will necessarily have to involve \/ register Portuguese children with oncological diseases.<br \/>\n[\/vc_column_text][\/vc_column][\/vc_row][vc_row][vc_column][vc_separator border_width=&#8221;2&#8243; css=&#8221;.vc_custom_1508778771557{margin-top: 32px !important;margin-bottom: 32px !important;}&#8221;][\/vc_column][\/vc_row][vc_row][vc_column]<h3 class=\"sc_title sc_title_regular\" style=\"color:#ed008c;font-weight:900;font-size:23px;\">Jury<\/h3>[vc_column_text]Applications are evaluated by a panel composed of five elements:[\/vc_column_text][vc_empty_space][vc_row_inner][vc_column_inner width=&#8221;1\/3&#8243;][vc_single_image image=&#8221;887&#8243; img_size=&#8221;150&#215;166&#8243; alignment=&#8221;center&#8221; style=&#8221;vc_box_shadow_3d&#8221; css_animation=&#8221;bottom-to-top&#8221; css=&#8221;.vc_custom_1508780001577{padding-bottom: 20px !important;}&#8221;][vc_column_text]<\/p>\n<p style=\"text-align: center;\"><strong>Eng.\u00aa Maria Karla de Os\u00f3rio de Castro (Engineer)<\/strong><br \/>\nChairman of the Jury and Chairman of the Board of Directors of Funda\u00e7\u00e3o Rui Os\u00f3rio de Castro<\/p>\n<p>[\/vc_column_text][vc_empty_space][\/vc_column_inner][vc_column_inner width=&#8221;1\/3&#8243;][vc_single_image image=&#8221;888&#8243; img_size=&#8221;150&#215;166&#8243; alignment=&#8221;center&#8221; style=&#8221;vc_box_shadow_3d&#8221; css_animation=&#8221;bottom-to-top&#8221; css=&#8221;.vc_custom_1508780007833{padding-bottom: 20px !important;}&#8221;][vc_column_text]<\/p>\n<p style=\"text-align: center;\"><strong>Professor Ant\u00f3nio Gentil Martins<\/strong><\/p>\n<p>[\/vc_column_text][vc_empty_space][\/vc_column_inner][vc_column_inner width=&#8221;1\/3&#8243;][vc_single_image image=&#8221;886&#8243; img_size=&#8221;150&#215;166&#8243; alignment=&#8221;center&#8221; style=&#8221;vc_box_shadow_3d&#8221; css_animation=&#8221;bottom-to-top&#8221; css=&#8221;.vc_custom_1508780015328{padding-bottom: 20px !important;}&#8221;][vc_column_text]<\/p>\n<p style=\"text-align: center;\"><strong>Dr. Nuno Farinha<\/strong><br \/>\nPresident of SHOP (Society of Haematology and Paediatric Oncology) and paediatric oncologist in Hospital S\u00e3o Jo\u00e3o, in Oporto<\/p>\n<p>[\/vc_column_text][\/vc_column_inner][\/vc_row_inner][vc_row_inner css=&#8221;.vc_custom_1508780428876{padding-top: 32px !important;}&#8221;][vc_column_inner width=&#8221;1\/3&#8243;][vc_single_image image=&#8221;885&#8243; img_size=&#8221;150&#215;166&#8243; alignment=&#8221;center&#8221; style=&#8221;vc_box_shadow_3d&#8221; css_animation=&#8221;bottom-to-top&#8221; css=&#8221;.vc_custom_1508780028815{padding-bottom: 20px !important;}&#8221;][vc_column_text]<\/p>\n<p style=\"text-align: center;\"><strong>Dra Maria de Jesus Moura<\/strong><br \/>\nDirector of IPOFG Psychology Unit in Lisbon<\/p>\n<p>[\/vc_column_text][vc_empty_space][\/vc_column_inner][vc_column_inner width=&#8221;1\/3&#8243;][vc_single_image image=&#8221;884&#8243; img_size=&#8221;150&#215;166&#8243; alignment=&#8221;center&#8221; style=&#8221;vc_box_shadow_3d&#8221; css_animation=&#8221;bottom-to-top&#8221; css=&#8221;.vc_custom_1508780039232{padding-bottom: 20px !important;}&#8221;][vc_column_text]<\/p>\n<p style=\"text-align: center;\"><strong>Dra Margarida Cruz<\/strong><br \/>\nGeneral Manager of ACREDITAR<\/p>\n<p>[\/vc_column_text][vc_empty_space][\/vc_column_inner][\/vc_row_inner][vc_empty_space][vc_column_text]<a href=\"\/wp-content\/uploads\/2017\/08\/MEMBROS_DO_JURI_DO_PREMIO_RUI_OSORIO_DE_CASTRO.pdf\" target=\"_blank\" rel=\"noopener noreferrer\">Meet the Jury members<br \/>\n<\/a><\/p>\n<p><em><small>This jury was made considering the criteria set out in paragraph 4.2 of the Regulation.<\/small><\/em>[\/vc_column_text][\/vc_column][\/vc_row][vc_row][vc_column][vc_separator border_width=&#8221;2&#8243; css=&#8221;.vc_custom_1508778771557{margin-top: 32px !important;margin-bottom: 32px !important;}&#8221;][\/vc_column][\/vc_row][vc_row][vc_column]<h3 class=\"sc_title sc_title_regular\" style=\"color:#ed008c;font-weight:900;font-size:23px;\">I want to apply!<br \/>\n<\/h3>[vc_column_text]Applications for the 4th edition (2019-2020) must be submitted by email between September 1 and October 31, 2019. In addition to sending a copy of the application process by e-mail, all documentation must be sent by mail, or delivered by hand, to the Foundation&#8217;s headquarters.<\/p>\n<p>All information and documents necessary for the Application are indicated in <a href=\"\/wp-content\/uploads\/2017\/08\/Ficha_de_Candidatura_2018.doc\" target=\"_blank\" rel=\"noopener noreferrer\">the application form<\/a>.<\/p>\n<p>The dissemination of the winning project will be carried out by FROC\u2019s website on January 16th at 00.00, without prejudice to its disclosure to the media and social networks and the Prizeing of the Prize to the winners at the 6th Paediatric Oncology Seminar in February 2020 in date and place yet to be defined.[\/vc_column_text][vc_single_image image=&#8221;3840&#8243; img_size=&#8221;full&#8221; alignment=&#8221;center&#8221;][vc_empty_space][vc_column_text]<strong>DOCUMENTS<\/strong>: <a href=\"https:\/\/froc.pt\/wp-content\/uploads\/2019\/05\/PremioFROC_Regulamento_v2019.pdf\">Regulation<\/a> | <a href=\"https:\/\/froc.pt\/wp-content\/uploads\/2019\/05\/Ficha_de_Candidatura_2019.doc\">Application Form<\/a> | <a href=\"\/wp-content\/uploads\/2017\/08\/Declaracao_Compromisso2017.doc\">Declaration of Commitment<\/a><\/p>\n<p><strong>QUESTIONS?<\/strong> QUESTIONS? Contact us through the e-mail <a href=\"mailto:info@froc.pt\">info@froc.pt<\/a> or by phone to +351 21 791 50 07<br \/>\n[\/vc_column_text][\/vc_column][\/vc_row][vc_row][vc_column][vc_separator border_width=&#8221;2&#8243; css=&#8221;.vc_custom_1508778395396{margin-top: 32px !important;margin-bottom: 32px !important;}&#8221;]<h3 class=\"sc_title sc_title_regular\" style=\"color:#ed008c;font-weight:900;font-size:23px;\">1st Edition | 2016\/2017<\/h3>[vc_column_text]<a href=\"\/premio-rui-osorio-de-castro-millennium-bcp\/1a-edicao-premio-rui-osorio-de-castro-millennium-bcp\/\">Learn more<\/a>[\/vc_column_text]<h3 class=\"sc_title sc_title_regular\" style=\"color:#ed008c;font-weight:900;font-size:23px;\">2nd Edition | 2017\/2018<\/h3>[vc_column_text]<a href=\"\/premio-rui-osorio-de-castro-millennium-bcp-vencedor-e-mencoes-honrosas\/\">Learn more<\/a>[\/vc_column_text]<h3 class=\"sc_title sc_title_regular\" style=\"color:#ed008c;font-weight:900;font-size:23px;\">3rd Edition | 2018\/2019<\/h3>[vc_column_text]<a href=\"https:\/\/froc.pt\/3a-edicao-premio-rui-osorio-de-castro-millennium-bcp-vencedor-e-mencoes-honrosas\/\">Learn more<\/a>[\/vc_column_text][\/vc_column][\/vc_row]<\/p>\n<\/section>","protected":false},"excerpt":{"rendered":"<p>[vc_row][vc_column width=&#8221;1\/2&#8243;][vc_column_text]Cancer is the leading cause of non-accidental death in children and adolescents. Rui Osorio de Castro Foundation&#8217;s mission is the dissemination of information and the promotion of scientific research in paediatric oncology. In view of the development of innovative projects and initiatives in this area, the Rui Os\u00f3rio de Castro Foundation intends to Prize [&hellip;]<\/p>\n","protected":false},"author":3,"featured_media":0,"parent":3603,"menu_order":0,"comment_status":"closed","ping_status":"closed","template":"","meta":{"footnotes":""},"_links":{"self":[{"href":"https:\/\/froc.pt\/en\/wp-json\/wp\/v2\/pages\/3606"}],"collection":[{"href":"https:\/\/froc.pt\/en\/wp-json\/wp\/v2\/pages"}],"about":[{"href":"https:\/\/froc.pt\/en\/wp-json\/wp\/v2\/types\/page"}],"author":[{"embeddable":true,"href":"https:\/\/froc.pt\/en\/wp-json\/wp\/v2\/users\/3"}],"replies":[{"embeddable":true,"href":"https:\/\/froc.pt\/en\/wp-json\/wp\/v2\/comments?post=3606"}],"version-history":[{"count":6,"href":"https:\/\/froc.pt\/en\/wp-json\/wp\/v2\/pages\/3606\/revisions"}],"predecessor-version":[{"id":3842,"href":"https:\/\/froc.pt\/en\/wp-json\/wp\/v2\/pages\/3606\/revisions\/3842"}],"up":[{"embeddable":true,"href":"https:\/\/froc.pt\/en\/wp-json\/wp\/v2\/pages\/3603"}],"wp:attachment":[{"href":"https:\/\/froc.pt\/en\/wp-json\/wp\/v2\/media?parent=3606"}],"curies":[{"name":"wp","href":"https:\/\/api.w.org\/{rel}","templated":true}]}}

Rui Osório de Castro / Millennium bcp Prize

<section class="wpb-content-wrapper"><p>[vc_row][vc_column width=&#8221;1/2&#8243;][vc_column_text]Cancer is the <strong>leading cause of non-accidental death</strong> in children and adolescents.<br />
Rui Osorio de Castro Foundation&#8217;s mission is the dissemination of information and the promotion of scientific research in paediatric oncology.</p>
<p>In view of the development of innovative projects and initiatives in this area, the <strong>Rui Osório de Castro Foundation</strong> intends to Prize the <strong>Rui Osório de Castro / Millennium BCP Prize</strong> annually, from 2017 onwards, for an annual amount of <strong>€ 15,000</strong>.<br />
In this way, the Foundation wants to contribute with resources for the development and / or maintenance of projects able to encourage and promote the improvement of care for children with oncological disease.[/vc_column_text][vc_empty_space][/vc_column][vc_column width=&#8221;1/2&#8243;][vc_single_image image=&#8221;2712&#8243; img_size=&#8221;large&#8221; css_animation=&#8221;top-to-bottom&#8221;][/vc_column][/vc_row][vc_row][vc_column][vc_separator border_width=&#8221;2&#8243; css=&#8221;.vc_custom_1508778771557{margin-top: 32px !important;margin-bottom: 32px !important;}&#8221;][/vc_column][/vc_row][vc_row][vc_column]<h3 class="sc_title sc_title_regular" style="color:#ed008c;font-weight:900;font-size:23px;">For whom?</h3>[vc_column_text]Individuals, working groups or non-profit institutions can apply for the Prize, presenting a relevant project in the area of paediatric oncology, namely scientific studies, research projects, as well as specific training or projects with a psychosocial impact.</p>
<p>The project must be carried out in Portugal or, in the case of an international study, will necessarily have to involve / register Portuguese children with oncological diseases.<br />
[/vc_column_text][/vc_column][/vc_row][vc_row][vc_column][vc_separator border_width=&#8221;2&#8243; css=&#8221;.vc_custom_1508778771557{margin-top: 32px !important;margin-bottom: 32px !important;}&#8221;][/vc_column][/vc_row][vc_row][vc_column]<h3 class="sc_title sc_title_regular" style="color:#ed008c;font-weight:900;font-size:23px;">Jury</h3>[vc_column_text]Applications are evaluated by a panel composed of five elements:[/vc_column_text][vc_empty_space][vc_row_inner][vc_column_inner width=&#8221;1/3&#8243;][vc_single_image image=&#8221;887&#8243; img_size=&#8221;150&#215;166&#8243; alignment=&#8221;center&#8221; style=&#8221;vc_box_shadow_3d&#8221; css_animation=&#8221;bottom-to-top&#8221; css=&#8221;.vc_custom_1508780001577{padding-bottom: 20px !important;}&#8221;][vc_column_text]</p>
<p style="text-align: center;"><strong>Eng.ª Maria Karla de Osório de Castro (Engineer)</strong><br />
Chairman of the Jury and Chairman of the Board of Directors of Fundação Rui Osório de Castro</p>
<p>[/vc_column_text][vc_empty_space][/vc_column_inner][vc_column_inner width=&#8221;1/3&#8243;][vc_single_image image=&#8221;888&#8243; img_size=&#8221;150&#215;166&#8243; alignment=&#8221;center&#8221; style=&#8221;vc_box_shadow_3d&#8221; css_animation=&#8221;bottom-to-top&#8221; css=&#8221;.vc_custom_1508780007833{padding-bottom: 20px !important;}&#8221;][vc_column_text]</p>
<p style="text-align: center;"><strong>Professor António Gentil Martins</strong></p>
<p>[/vc_column_text][vc_empty_space][/vc_column_inner][vc_column_inner width=&#8221;1/3&#8243;][vc_single_image image=&#8221;886&#8243; img_size=&#8221;150&#215;166&#8243; alignment=&#8221;center&#8221; style=&#8221;vc_box_shadow_3d&#8221; css_animation=&#8221;bottom-to-top&#8221; css=&#8221;.vc_custom_1508780015328{padding-bottom: 20px !important;}&#8221;][vc_column_text]</p>
<p style="text-align: center;"><strong>Dr. Nuno Farinha</strong><br />
President of SHOP (Society of Haematology and Paediatric Oncology) and paediatric oncologist in Hospital São João, in Oporto</p>
<p>[/vc_column_text][/vc_column_inner][/vc_row_inner][vc_row_inner css=&#8221;.vc_custom_1508780428876{padding-top: 32px !important;}&#8221;][vc_column_inner width=&#8221;1/3&#8243;][vc_single_image image=&#8221;885&#8243; img_size=&#8221;150&#215;166&#8243; alignment=&#8221;center&#8221; style=&#8221;vc_box_shadow_3d&#8221; css_animation=&#8221;bottom-to-top&#8221; css=&#8221;.vc_custom_1508780028815{padding-bottom: 20px !important;}&#8221;][vc_column_text]</p>
<p style="text-align: center;"><strong>Dra Maria de Jesus Moura</strong><br />
Director of IPOFG Psychology Unit in Lisbon</p>
<p>[/vc_column_text][vc_empty_space][/vc_column_inner][vc_column_inner width=&#8221;1/3&#8243;][vc_single_image image=&#8221;884&#8243; img_size=&#8221;150&#215;166&#8243; alignment=&#8221;center&#8221; style=&#8221;vc_box_shadow_3d&#8221; css_animation=&#8221;bottom-to-top&#8221; css=&#8221;.vc_custom_1508780039232{padding-bottom: 20px !important;}&#8221;][vc_column_text]</p>
<p style="text-align: center;"><strong>Dra Margarida Cruz</strong><br />
General Manager of ACREDITAR</p>
<p>[/vc_column_text][vc_empty_space][/vc_column_inner][/vc_row_inner][vc_empty_space][vc_column_text]<a href="/wp-content/uploads/2017/08/MEMBROS_DO_JURI_DO_PREMIO_RUI_OSORIO_DE_CASTRO.pdf" target="_blank" rel="noopener noreferrer">Meet the Jury members<br />
</a></p>
<p><em><small>This jury was made considering the criteria set out in paragraph 4.2 of the Regulation.</small></em>[/vc_column_text][/vc_column][/vc_row][vc_row][vc_column][vc_separator border_width=&#8221;2&#8243; css=&#8221;.vc_custom_1508778771557{margin-top: 32px !important;margin-bottom: 32px !important;}&#8221;][/vc_column][/vc_row][vc_row][vc_column]<h3 class="sc_title sc_title_regular" style="color:#ed008c;font-weight:900;font-size:23px;">I want to apply!<br />
</h3>[vc_column_text]Applications for the 4th edition (2019-2020) must be submitted by email between September 1 and October 31, 2019. In addition to sending a copy of the application process by e-mail, all documentation must be sent by mail, or delivered by hand, to the Foundation&#8217;s headquarters.</p>
<p>All information and documents necessary for the Application are indicated in <a href="/wp-content/uploads/2017/08/Ficha_de_Candidatura_2018.doc" target="_blank" rel="noopener noreferrer">the application form</a>.</p>
<p>The dissemination of the winning project will be carried out by FROC’s website on January 16th at 00.00, without prejudice to its disclosure to the media and social networks and the Prizeing of the Prize to the winners at the 6th Paediatric Oncology Seminar in February 2020 in date and place yet to be defined.[/vc_column_text][vc_single_image image=&#8221;3840&#8243; img_size=&#8221;full&#8221; alignment=&#8221;center&#8221;][vc_empty_space][vc_column_text]<strong>DOCUMENTS</strong>: <a href="https://froc.pt/wp-content/uploads/2019/05/PremioFROC_Regulamento_v2019.pdf">Regulation</a> | <a href="https://froc.pt/wp-content/uploads/2019/05/Ficha_de_Candidatura_2019.doc">Application Form</a> | <a href="/wp-content/uploads/2017/08/Declaracao_Compromisso2017.doc">Declaration of Commitment</a></p>
<p><strong>QUESTIONS?</strong> QUESTIONS? Contact us through the e-mail <a href="mailto:info@froc.pt">info@froc.pt</a> or by phone to +351 21 791 50 07<br />
[/vc_column_text][/vc_column][/vc_row][vc_row][vc_column][vc_separator border_width=&#8221;2&#8243; css=&#8221;.vc_custom_1508778395396{margin-top: 32px !important;margin-bottom: 32px !important;}&#8221;]<h3 class="sc_title sc_title_regular" style="color:#ed008c;font-weight:900;font-size:23px;">1st Edition | 2016/2017</h3>[vc_column_text]<a href="/premio-rui-osorio-de-castro-millennium-bcp/1a-edicao-premio-rui-osorio-de-castro-millennium-bcp/">Learn more</a>[/vc_column_text]<h3 class="sc_title sc_title_regular" style="color:#ed008c;font-weight:900;font-size:23px;">2nd Edition | 2017/2018</h3>[vc_column_text]<a href="/premio-rui-osorio-de-castro-millennium-bcp-vencedor-e-mencoes-honrosas/">Learn more</a>[/vc_column_text]<h3 class="sc_title sc_title_regular" style="color:#ed008c;font-weight:900;font-size:23px;">3rd Edition | 2018/2019</h3>[vc_column_text]<a href="https://froc.pt/3a-edicao-premio-rui-osorio-de-castro-millennium-bcp-vencedor-e-mencoes-honrosas/">Learn more</a>[/vc_column_text][/vc_column][/vc_row]</p>
</section>

<p>[vc_row][vc_column width=&#8221;1/2&#8243;][vc_column_text]Cancer is the leading cause of non-accidental death in children and adolescents. Rui Osorio de Castro Foundation&#8217;s mission is the dissemination of information and the promotion of scientific research in paediatric oncology. In view of the development of innovative projects and initiatives in this area, the Rui Osório de Castro Foundation intends to Prize [&hellip;]</p>
